.
566887
155a (base 16) to base 6
41150
Convert 258074 (base 11) to base 3.
202121222101
What is 21bc30 (base 15) in base 14?
2dc661
Convert d542c (base 16) to base 6.
30420020
Convert 14331044 (base 5) to base 3.
21201112112
What is 177615 (base 9) in base 2?
11010111111110011
23121502 (base 9) to base 3
210010201120002
-101000100001 (base 3) to base 7
-1450363
367174 (base 10) to base 14
97b4a
What is 12551650 (base 8) in base 15?
3a6931
18bd597 (base 14) to base 9
25113670
What is -2860786 (base 9) in base 13?
-43202a
What is 7548e (base 15) in base 14?
9995a
What is a4809 (base 15) in base 10?
521559
-10100021 (base 5) to base 7
-455625
-43760563 (base 8) to base 10
-9429363
What is -2d4aa (base 14) in base 10?
-113438
Convert -163460 (base 11) to base 8.
-757000
Convert -3010122103 (base 4) to base 11.
-4aa483
Convert 146b3b (base 13) to base 16.
7a394
Convert 11443317 (base 9) to base 16.
552220
Convert -b1674 (base 12) to base 10.
-230776
-100010000110011101000000 (base 2) to base 14
-1289ab6
110011010100101110111010 (base 2) to base 10
13454266
Convert 37300 (base 11) to base 2.
1101000101100011
-354603 (base 13) to base 7
-13523250
What is -10022102212211 (base 3) in base 9?
-3272784
Convert 25996 (base 10) to base 13.
baa9
59836 (base 16) to base 13
cab67
What is 346022 (base 9) in base 2?
110010101110101001
Convert -1a8003 (base 13) to base 5.
-133040412
What is 32525504 (base 6) in base 10?
975856
Convert -187ca0 (base 16) to base 2.
-110000111110010100000
What is 2011455 (base 6) in base 12?
46b8b
Convert -2556684 (base 12) to base 2.
-11011111101110101000100
dda50 (base 16) to base 3
1201010100022
-85275 (base 14) to base 3
-121100002000
What is 521106 (base 11) in base 3?
1120110202210
2455231 (base 6) to base 14
361b5
Convert -5536506 (base 7) to base 5.
-133304132
What is -108152 (base 9) in base 12?
-31755
What is -1431536 (base 7) in base 11?
-121858
-74712 (base 14) to base 2
-1000100101010111100
314604 (base 8) to base 10
104836
What is 2284 (base 15) in base 6?
53524
-b78637 (base 12) to base 7
-33424111
What is -15248 (base 12) in base 13?
-106b2
22210221202 (base 3) to base 15
365e8
-e2de32 (base 15) to base 11
-60a2941
Convert 4e92e (base 16) to base 2.
1001110100100101110
-2814046 (base 9) to base 6
-53035453
Convert -9d61 (base 16) to base 11.
-282a7
What is 1c79d (base 15) in base 10?
92848
What is -67753 (base 8) in base 6?
-340351
Convert 8753803 (base 9) to base 8.
21734542
328397 (base 12) to base 11
4a889a
Convert 11336522 (base 7) to base 15.
14b975
Convert -13ab (base 13) to base 15.
-c9a
-196217 (base 15) to base 13
-3435c7
What is -103a6b3 (base 13) in base 3?
-100021202101211
What is -560050 (base 8) in base 14?
-4c972
What is -10252846 (base 9) in base 14?
-926bac
134303034 (base 5) to base 9
1272423
What is 1651b (base 12) in base 5?
2004342
Convert -4a486 (base 12) to base 11.
-6989a
-435302 (base 7) to base 6
-1345115
What is -130234055 (base 6) in base 10?
-2539763
Convert 91f2 (base 16) to base 9.
56223
Convert -6552bc (base 13) to base 9.
-4430482
What is -260217 (base 13) in base 10?
-914310
What is -ba52 (base 14) in base 11?
-22228
-181b86 (base 13) to base 9
-1120412
Convert -2040232304 (base 5) to base 13.
-b50107
-ea6c7 (base 15) to base 12
-2ba6b1
What is 23214563 (base 8) in base 6?
300144311
-330671 (base 11) to base 15
-a6620
What is 190058 (base 11) in base 3?
112212202112
677e02 (base 15) to base 7
56652521
Convert 1001100001100010110111 (base 2) to base 16.
2618b7
11415041 (base 7) to base 13
295b68
What is 13088a (base 11) in base 12?
9b2a0
Convert -1223505 (base 6) to base 3.
-10100000212
What is -3351052 (base 7) in base 3?
-210010022021
-120010102111 (base 3) to base 11
-193775
-766357 (base 8) to base 9
-431807
-31a961 (base 12) to base 11
-497498
77271 (base 11) to base 5
12041444
104740 (base 10) to base 4
121210210
Convert 7452556 (base 8) to base 11.
1138638
What is 52615 (base 13) in base 2?
100100001100000111
Convert -2816520 (base 10) to base 6.
-140211240
Convert 1601706 (base 10) to base 2.
110000111000010101010
-11101000100101011000 (base 2) to base 8
-3504530
Convert 22111000111201 (base 3) to base 16.
44c881
What is -8ba2d8 (base 15) in base 10?
-6666278
What is 227939 (base 11) in base 8?
1302550
What is -b6090a (base 13) in base 5?
-2042211440
What is 150022 (base 14) in base 11?
459457
Convert -313104010 (base 5) to base 2.
-100111101100000011001
-1011001011000101000100 (base 2) to base 14
-56359a
What is 102020220212101 (base 3) in base 16?
5b477c
What is -1010010001101001010 (base 2) in base 16?
-5234a
What is -1211010102102 (base 3) in base 11?
-600547
-211222000 (base 4) to base 13
-55288
-213054021 (base 6) to base 7
-44120224
Convert -25f76 (base 16) to base 11.
-a6923
What is 743b (base 12) in base 16?
31af
What is 206318a (base 11) in base 5?
1412311210
1124144214 (base 5) to base 4
21303013230
Convert 401433 (base 7) to base 2.
10000100011001111
What is -5d132 (base 15) in base 9?
-502702
What is 4183206 (base 10) in base 8?
17752246
Convert 3244242 (base 5) to base 15.
119b7
Convert 351571 (base 8) to base 5.
12312143
What is -2012313111 (base 5) in base 12?
-1421a67
What is 2407832 (base 9) in base 2?
100111110100100011010
-58956 (base 11) to base 2
-10100110000001011
What is 76748 (base 10) in base 15?
17b18
Convert -4967b (base 13) to base 7.
-1101655
Convert -7606a (base 11) to base 3.
-12121122102
31b306 (base 12) to base 5
200133203
What is a0f3d (base 16) in base 2?
10100000111100111101
Convert -4c70d (base 15) to base 12.
-b9664
-b12639 (base 12) to base 4
-22202120031
-245532430 (base 6) to base 8
-22110242
What is 158ba5 (base 12) in base 6?
11515525
What is 132cb (base 16) in base 7?
444656
20101221100 (base 3) to base 9
211840
-2110002210021 (base 3) to base 12
-528b5a
Convert 44015254 (base 7) to base 10.
3769021
1203157 (base 8) to base 12
13a6bb
What is -1154465 (base 8) in base 12?
-133a71
-20311231 (base 5) to base 8
-505051
806748 (base 9) to base 3
220020211122
2440313 (base 5) to base 7
252040
What is 48698 (base 16) in base 4?
1020122120
-41455 (base 16) to base 3
-111120201211
What is -27016 (base 14) in base 2?
-10111011100111100
What is 58888b (base 13) in base 6?
113032420
Convert 33000320 (base 4) to base 16.
f038
Convert -132011303 (base 4) to base 6.
-2350335
-6a1af8 (base 16) to base 8
-32415370
Convert -2102210030 (base 4) to base 15.
-bcd22
Convert -11303214 (base 8) to base 15.
-338a1b
-5533251 (base 6) to base 13
-98cb3
Convert -11c (base 13) to base 2.
-11000010
123251213 (base 6) to base 7
26262201
-11100002330 (base 4) to base 12
-564678
Convert -262238 (base 10) to base 13.
-92492
-758da6 (base 14) to base 4
-33030002312
2474438 (base 10) to base 2
1001011100000111000110
10412341 (base 5) to base 2
10110010111001100
1101011001101000011101 (base 2) to base 4
31121220131
8174ab (base 13) to base 6
144342445
What is 11012223102 (base 4) in base 5?
320304231
Convert -486531 (base 11) to base 6.
-24300341
What is 11002400011 (base 5) in base 11?
6704388
What is 40592b (base 13) in base 12?
602897
Convert 333004300 (base 5) to base 11.
903206
-105404014 (base 6) to base 13
-531319
1110014 (base 5) to base 4
10232320
-1001101001101001010 (base 2) to base 15
-63a74
2102021200210 (base 3) to base 5
312110010
What is -1140412221 (base 5) in base 9?
-5018107
Convert 8926c1 (base 13) to base 7.
36323351
What is -7992288 (base 10) in base 4?
-132133033200
What is -1331442 (base 6) in base 2?
-10010001000010010
17079541 (base 10) to base 13
370004b
What is -204ab9 (base 12) in base 16?
-7b92d
What is 8b28a (base 13) in base 6?
5231443
What is 11111110100001111 (base 2) in base 16?
1fd0f
-18303778 (base 9) to base 4
-203021220011
Convert 10064451 (base 7) to base 5.
203331203
Convert 8482 (base 11) to base 15.
34d2
Convert -200486 (base 9) to base 7.
-1002324
What is 805580 (base 10) in base 6?
25133312
1adc4 (base 15) to base 8
252674
What is 7588 (base 15) in base 4?
12010232
What is 37541a (base 12) in base 7?
10441330
What is 102a1 (base 15) in base 2?
1100100000011010
Convert -171756 (base 10) to base 12.
-83490
Convert -12155530 (base 6) to base 5.
-44420112
97610 (base 10) to base 2
10111110101001010
What is -1012112111122 